he hundreds digit of x?
1
Let q(r) = -r**3 + r**2 + 3*r + 746. What is the units digit of q(0)?
6
Suppose -3*h = -2*h - 2. Suppose -h*n - n = 27. What is the tens digit of (-3)/n*3 + 21?
2
Let s(y) = y**2 + 17*y - 2. Let h be s(-12). What is the units digit of 1 + 1 - (h - 1)?
5
Let v = -1629 - -4000. What is the tens digit of v?
7
Let h(g) = 115*g**2 - 7*g + 17. What is the hundreds digit of h(3)?
0
Let g be (-152)/(-10) + (-2)/10. Let u = g + -31. What is the tens digit of (u/(-6))/(-4)*-30?
2
What is the hundreds digit of 412/6*(34 - 28)?
4
Let m = 311 + -72. What is the units digit of m?
9
Let n = 4 - 10. What is the tens digit of (-345)/n - (-2)/4?
5
Suppose 8 = -2*y + 3*c + 23, -5*c - 5 = -2*y. Let x = 11 + y. Suppose b = x - 6. What is the units digit of b?
0
Suppose -5*x + 5*m - 30 = 0, 2*x + 14 = -3*x + m. Let z be 0/(x/4*4). Suppose q + 1 = z, 0 = 3*b - 2*b - 5*q - 28. What is the units digit of b?
3
Let l(m) = 31*m + 21. What is the tens digit of l(1)?
5
Let o(j) = j**2 - 7*j - 28. Let b be o(9). What is the units digit of b/15 - (-250)/6?
1
Let n = -9 - -10. Let m be -4 + (n + 475 - -4). What is the units digit of (m/(-35))/(4/(-10))?
4
Let s = -259 - -73. Let z = s - -277. What is the units digit of z?
1
Suppose -924 = -4*c - v - 2*v, -693 = -3*c - 2*v. Suppose 3*p - 5*q = 350, -2*q = -2*p - q + c. What is the units digit of 6/9 + p/3?
9
Let p be 20*(-7)/(-4)*-1. Let v be (17 - 3)*(-4 + 4 + -2). Let b = v - p. What is the units digit of b?
7
Let m = 11 - 13. Let l(q) = -q**3 + 3. What is the tens digit of l(m)?
1
Suppose -12*j + 11*j + 2268 = 0. Suppose b - j = -8*b. What is the units digit of b?
2
Suppose -1 = a - 3*n, -n = 2*n - 3. Suppose 3*m + a*m + 4*i - 369 = 0, 2*m = 3*i + 166. What is the tens digit of m?
7
Suppose -6*c = -2*c + 72. Let x = c + 32. What is the units digit of x?
4
Let m(j) = 18*j - 9. Let d be m(4). What is the tens digit of (-2)/9 - ((-60592)/d)/8?
2
Let z(p) = -92*p + 33. What is the tens digit of z(-5)?
9
Let x(h) be the second derivative of h**4/12 + 19*h**3/6 + 23*h**2/2 - 13*h. Let l be x(-18). Suppose -l*k + k = -128. What is the units digit of k?
2
What is the thousands digit of (-8)/(64/(-32652)) - 3/6?
4
Suppose -1600 + 112 = -8*o. Let l = 328 - o. What is the hundreds digit of l?
1
Suppose 3*v - d = -2*d, 2*v + 4*d = 0. Suppose -48 = 2*u - 3*u + 2*y, v = -2*u - 4*y + 88. Let i = u - 29. What is the units digit of i?
7
Let w = -52 + 58. Suppose 0 = w*g - 10*g + 464. What is the units digit of g?
6
Let w = 2 - 1. Suppose -w - 3 = 2*b, -250 = -z - 2*b. What is the units digit of z?
4
Suppose v + 4*k = 1300, -3*v + 5*k - 584 + 4569 = 0. What is the tens digit of v?
2
Suppose 0 = -3*g + 3, 4*c + 0*c + 2*g + 6 = 0. Let w be (34/(-3))/(c/3). Suppose -w*p + 16*p = -32. What is the units digit of p?
2
Suppose 8644 = -10*k + 24074. What is the units digit of k?
3
Suppose -2*m + 8 = -126. Let v = -30 + m. Suppose -x + v + 10 = c, -5*c + 220 = 2*x. What is the tens digit of c?
4
Let u = 777 + -259. What is the units digit of u?
8
Let n = 895 + 362. What is the hundreds digit of n?
2
Let t be (6/4)/((-8)/(-1168)). Let h = -154 + t. Suppose -2*y = 3*b + b - 50, -5*y = 5*b - h. What is the tens digit of b?
1
Suppose 8*o - 95 - 137 = 0. Suppose 0 = 2*y - 3*q - 17 - o, -5*y - 5*q = -65. What is the tens digit of y?
1
Suppose -5*b + 9*b + o = 1335, -5*o + 1680 = 5*b. What is the tens digit of b?
3
Suppose 3*x + 0 = 3. Let q be x/3 + 40/15. Suppose -b + 4*g = -10, 61 - 1 = 3*b + q*g. What is the tens digit of b?
1
Suppose 23 = -2*x + 27. What is the units digit of x?
2
Suppose 0 = 2*l - 5*x + 12, 3*l = -x + 19 - 3. Suppose 35 = 4*y - o - 136, 5*y - l*o = 200. What is the tens digit of y?
4
Suppose 3*k - 3125 - 2899 = 0. What is the tens digit of k?
0
Suppose 18 + 7 = 5*x. Suppose -x*d + 32 = 17. Suppose 8*p - 150 = d*p. What is the units digit of p?
0
Let s be 10/(420/(-18)) + 2691/7. Suppose -4*x = -2*h - s, 4*x - h - 161 = 219. What is the units digit of x?
4
Suppose 0 = 3*u + 4*h - 1116, u = 2*h - 0*h + 372. What is the hundreds digit of u?
3
Let t = 50 - 38. Suppose -x + 3*x - t = 0. What is the units digit of x?
6
Suppose 0 = -u - 4*p - 14, -1 - 19 = 4*u - 2*p. What is the units digit of 114 - 0*(3/u)/(-1)?
4
Let l(d) = -d**2 + 4*d + 2. Let c be l(4). Suppose -230 = -2*i + c*j, -349 = -5*i + 2*i + j. Suppose -3*g + i - 48 = 0. What is the units digit of g?
3
Let p(d) = 1376*d**3 - 5*d**2 + 3*d + 1. What is the thousands digit of p(1)?
1
Let n(r) = 5*r + 10. Let t be 7/2*(-20)/(-7). What is the units digit of n(t)?
0
Let b be ((-2)/3)/((-1)/(-3)). Suppose 0 = 3*n - 5*n - 4. What is the units digit of (1 + 7/n)*b?
5
Suppose -160*s + 114*s + 74014 = 0. What is the thousands digit of s?
1
Let i(p) = 129*p - 2. Let w be i(1). Suppose w = 2*g + 45. What is the units digit of g?
1
Let p be (-8)/(-12) - (-1)/3. What is the tens digit of (-1295)/(-14)*(3 - p)?
8
Suppose -70*b + 204120 = -0*b. What is the tens digit of b?
1
Let w(o) = -3*o**2 - o + 5. Let a be w(-4). Let m = -33 - a. What is the units digit of m?
6
Suppose -3*g + 3 = -0. What is the units digit of -2*(0/1 + g/(-2))?
1
What is the hundreds digit of 1/7 + 1259/7?
1
Let v be (-6)/(21/14 + (-6)/2). What is the tens digit of ((-13)/(v - 3))/(-2 - -1)?
1
Let v = 787 - -145. What is the units digit of v?
2
Suppose 2*l + 23 = -151. Let v = -62 - l. What is the units digit of v?
5
What is the units digit of (-1019)/(1/(6 + -7))?
9
Let c be (0 + -1)/(2/(-24)). Let i = 20 - c. Let u = i + -7. What is the units digit of u?
1
Let i be (-12)/((-8)/2) - -1. Let t be ((14 - -2)/i)/2. Let p(u) = 11*u**2 - u - 2. What is the tens digit of p(t)?
4
Let b = 36 + -16. Suppose -4*r - b = 28. Let l(k) = -6*k - 18. What is the units digit of l(r)?
4
Suppose 0 = k - 1281 - 776. What is the tens digit of k?
5
Let m(d) = -222*d**3 - 5*d**2 - 3*d - 1. What is the units digit of m(-1)?
9
Suppose -4*q + b + 16083 = 0, -4*q - 483 = 2*b - 16581. What is the thousands digit of q?
4
Suppose -j + 3*j - 2*o + 4 = 0, j - 6 = -3*o. Suppose -4*b + 4 = j, 2*x - 3*b = x + 75. What is the tens digit of x?
7
What is the units digit of -1 - 25/(-5)*121?
4
Let i(y) = -56*y**3 + 8*y**2 + 2*y - 11. What is the tens digit of i(-4)?
9
Let g = -91 + 549. What is the units digit of g?
8
Let q(w) = 2*w**2 + 7*w + 4. Let f be q(-5). Let g = f + -19. Suppose 2*y + 4*y - 60 = g. What is the units digit of y?
0
Let y be (29 + -4 - -4) + -3. Suppose k - 129 = -y. Suppose -b + k = 2*j, 3*j - 90 - 82 = -5*b. What is the units digit of j?
9
Suppose -2*l - 296 = -4*i - i, 2*l + 4*i + 296 = 0. Let o = 244 + l. What is the tens digit of o?
9
Suppose -725 = -d - 4*p, -2*d + 1313 = 2*p - 143. What is the tens digit of d?
2
Let s(v) = -v + 0*v - 2 - 2*v - 1. Let h = -20 - -8. What is the units digit of s(h)?
3
Let b(c) = c**3 - 3*c**2 - 4*c + 2. Let h be b(4). Suppose h*p = 3*p - 119. What is the tens digit of p?
1
Let n = 67 - 42. Let g(y) = -3*y**3 - 1. Let r be g(-1). Let q = n - r. What is the units digit of q?
3
Let g(j) = -14 + 11*j - 11 + 22 - j**2. Let s be g(8). Let k = -1 + s. What is the tens digit of k?
2
Let m = -1529 - -2291. What is the units digit of m?
2
Suppose 4*u + 7 = -y + 2*u, -2*y - u = 14. Let n(k) = -k**2 - 14*k + 5. What is the tens digit of n(y)?
5
What is the hundreds digit of (134 - 1289)/(6/(-4))?
7
What is the units digit of (-10213)/(-28) + 1/4?
5
What is the hundreds digit of (-2)/(-6 - -18) - 74525/(-66)?
1
What is the units digit of 2 + 379/(-3 - -4)?
1
Suppose 0 = o - 0 - 2. What is the units digit of -607*o/(-10) + 10/(-25)?
1
Let l(f) = -6*f - 3*f - 5*f**2 - 5 + 4*f**2 - 10. Let u be l(-6). Suppose 37 = u*b + j + 7, 5*b - 50 = -j. What is the units digit of b?
0
Let u = 29 + -25. Let l be ((-13)/u)/(3/(-24)). Let w = l + -25. What is the units digit of w?
1
What is the units digit of (-1)/(-4) + (-1612)/(-16)?
1
Suppose -z + 3*v + 1070 + 342 = 0, 2*z = 5*v + 2824. What is the units digit of z?
2
Let j be 21/(-2) - (-15)/(-10). Let p be ((-6)/(-9))/((-2)/j). What is the units digit of p/(-5)*60/(-8)?
6
Let n = -28 + 35. Suppose -6*p - 21 = -n*p. What is the tens digit of p?
2
Let w = -33 - -36. Suppose -5*x + 126 = -3*x - 5*j, 179 = w*x - 5*j. What is the tens digit of x?
5
Let